{"id":2459,"date":"2009-12-06T12:32:27","date_gmt":"2009-12-06T11:32:27","guid":{"rendered":"http:\/\/aula21.net\/aulablog21\/?page_id=2459"},"modified":"2013-04-04T21:49:19","modified_gmt":"2013-04-04T20:49:19","slug":"eduwikis-en-el-aula-2-0","status":"publish","type":"page","link":"http:\/\/aula21.net\/aulablog21\/eduwikis-en-el-aula-2-0\/","title":{"rendered":"Wikis en el aula 2.0"},"content":{"rendered":"<p>Todo sobre el uso de los wiki en el \u00e1mbito educativo <a href=\"http:\/\/recursostic.educacion.es\/observatorio\/apls\/wikiseneducacion\/web\/index.php\/P%C3%A1gina_Principal\" target=\"_blank\">lo encontrar\u00e1s en el wiki del Instituto de Tecnolog\u00edas Educativas <\/a>que tengo el placer de coordinar con un equipo\u00a0 de docentes expertos en el uso de las TIC en el aula.<\/p>\n<p style=\"text-align: center;\"><a href=\"http:\/\/recursostic.educacion.es\/observatorio\/apls\/wikiseneducacion\/web\/index.php\/P%C3%A1gina_Principal\" target=\"_blank\"><img loading=\"lazy\" decoding=\"async\" class=\"aligncenter\" src=\"http:\/\/aula21.net\/aulablog21\/wp-content\/uploads\/2009\/12\/334px-Logowiki2-300x186.png\" alt=\"\" width=\"300\" height=\"186\" \/><\/a><\/p>\n<p style=\"text-align: center;\"><!--adsense--><\/p>\n","protected":false},"excerpt":{"rendered":"<p>Todo sobre el uso de los wiki en el \u00e1mbito educativo lo encontrar\u00e1s en el wiki del Instituto de Tecnolog\u00edas Educativas que tengo el placer de coordinar con un equipo\u00a0 de docentes expertos en el uso de las TIC en el aula.<\/p>\n","protected":false},"author":1,"featured_media":0,"parent":0,"menu_order":0,"comment_status":"open","ping_status":"open","template":"","meta":{"footnotes":""},"class_list":["post-2459","page","type-page","status-publish","hentry"],"_links":{"self":[{"href":"http:\/\/aula21.net\/aulablog21\/wp-json\/wp\/v2\/pages\/2459","targetHints":{"allow":["GET"]}}],"collection":[{"href":"http:\/\/aula21.net\/aulablog21\/wp-json\/wp\/v2\/pages"}],"about":[{"href":"http:\/\/aula21.net\/aulablog21\/wp-json\/wp\/v2\/types\/page"}],"author":[{"embeddable":true,"href":"http:\/\/aula21.net\/aulablog21\/wp-json\/wp\/v2\/users\/1"}],"replies":[{"embeddable":true,"href":"http:\/\/aula21.net\/aulablog21\/wp-json\/wp\/v2\/comments?post=2459"}],"version-history":[{"count":0,"href":"http:\/\/aula21.net\/aulablog21\/wp-json\/wp\/v2\/pages\/2459\/revisions"}],"wp:attachment":[{"href":"http:\/\/aula21.net\/aulablog21\/wp-json\/wp\/v2\/media?parent=2459"}],"curies":[{"name":"wp","href":"https:\/\/api.w.org\/{rel}","templated":true}]}}

<p>Todo sobre el uso de los wiki en el ámbito educativo <a href="http://recursostic.educacion.es/observatorio/apls/wikiseneducacion/web/index.php/P%C3%A1gina_Principal" target="_blank">lo encontrarás en el wiki del Instituto de Tecnologías Educativas </a>que tengo el placer de coordinar con un equipo  de docentes expertos en el uso de las TIC en el aula.</p>
<p style="text-align: center;"><a href="http://recursostic.educacion.es/observatorio/apls/wikiseneducacion/web/index.php/P%C3%A1gina_Principal" target="_blank"><img loading="lazy" decoding="async" class="aligncenter" src="http://aula21.net/aulablog21/wp-content/uploads/2009/12/334px-Logowiki2-300x186.png" alt="" width="300" height="186" /></a></p>
<p style="text-align: center;"><!--adsense--></p>

<p>Todo sobre el uso de los wiki en el ámbito educativo lo encontrarás en el wiki del Instituto de Tecnologías Educativas que tengo el placer de coordinar con un equipo  de docentes expertos en el uso de las TIC en el aula.</p>
